 - 4*b = -1949, 4*g - b - f = 1311. List the prime factors of g.
643
Suppose -63*u - 31080 = -39*u. Let o = 78 - u. List the prime factors of o.
1373
Suppose d - 5*v = -0*v + 24, d - 16 = 3*v. Suppose 8*t - d*t + 3354 = 5*f, -t = -5*f + 3351. List the prime factors of f.
2, 5, 67
Suppose 39 = -3*y + 3*r, 55 = -4*y + 7*r - 4*r. Let c = y + 481. What are the prime factors of c?
3, 5, 31
Let z(g) = -47*g**3 + 3*g**2 + 6*g. Suppose -5 - 5 = 5*c. Let i be z(c). Suppose 0*q = -5*h - 5*q + 950, -3*q = 2*h - i. What are the prime factors of h?
2, 97
Let g = 41173 + -18603. List the prime factors of g.
2, 5, 37, 61
Suppose -12*u = -4*s - 103692, 11*s - 17248 = -2*u + 6*s. List the prime factors of u.
53, 163
Let h = -13221 + 24914. What are the prime factors of h?
11, 1063
Let j = 278 + -167. Suppose 3*b + j = 2*w, -b + 4*b - 78 = -w. List the prime factors of w.
3, 7
Let f(n) = 0*n**2 - n**3 + 23 - 38*n + 20*n**2 - 19 + 0*n**2. Let w be 4 + 3 + (-20)/(-2). List the prime factors of f(w).
3, 5
Let n be 717/18 + (-6)/(-36). List the prime factors of 18132/n - 21/70.
3, 151
Let u = 202 + -22. Suppose 177*j = u*j - 12. Suppose j*g = 833 + 211. What are the prime factors of g?
3, 29
Suppose -5*s = -5*b - 11185, 2*b - b = -5*s + 11191. Let f = s + -804. List the prime factors of f.
2, 3, 239
Let t(k) = -11*k**3 + 1 - 10*k**3 + k + 18*k**3 + 6*k. Let f be t(-4). Suppose -6*m + f = -33. List the prime factors of m.
3, 11
Let x(g) = g**3 - 5*g**2 + 4*g + 7. Let o be x(4). Suppose 0*r + 7 = -o*r. List the prime factors of (4 + 11/(-2))*(-67 + r).
2, 3, 17
Let l(d) = -d**2 - 16*d - 28. Let w be l(-7). Let m = w - -611. List the prime factors of m.
2, 17, 19
Let s = -172 - -185. Suppose s*r = 415 + 781. What are the prime factors of r?
2, 23
Let t(s) be the first derivative of -40*s**2 + 22 - 2*s + 6*s - 6*s**2. What are the prime factors of t(-2)?
2, 47
Let a be 2 + ((-8)/(-4) - 1). Suppose i + 2 = -5*z, 3*i + 5*z - a = 1. What are the prime factors of 6/(-9)*i - -222?
2, 5, 11
Suppose -15306*a + 103900 = -15296*a. What are the prime factors of a?
2, 5, 1039
Let s be 15/(-12)*(-6 + 2/1). Suppose -3*o - 10 = -2*d, -3*d + s*o + 15 = -0*d. Suppose 2*w = z + z + 172, 2*w - 187 = d*z. List the prime factors of w.
3
Let a(i) = -i + 7. Suppose -7*d = -37 - 19. Let t be a(d). What are the prime factors of (19 - 3)/t*10/(-8)?
2, 5
Let b be (-1 - 3) + 2 + 4. Let y(r) = 5*r - 4*r**2 + 11*r**2 - 7*r - b*r. List the prime factors of y(3).
3, 17
Suppose 3380 = 2*u - 1960. What are the prime factors of 8*7/224 - u/(-8)?
2, 167
Let k = 4542 + -4538. Let c(f) = -1044*f**3 - f**2 - 2*f - 1. Let p be c(-1). Suppose 5*u + k*u - p = 0. List the prime factors of u.
2, 29
Let g = 20383 - 10474. What are the prime factors of g?
3, 367
Let w(v) = 18873*v**3 - 4*v**2 - 30*v + 30. List the prime factors of w(1).
18869
Let w(u) = u**2 - 11*u + 27. Let p be w(6). List the prime factors of 135/(p/3)*(-6)/5.
2, 3
Suppose -10562 = 32*g - 33*g - 3*y, -5*g + y + 52890 = 0. What are the prime factors of g?
7, 1511
Let b be ((-1140)/45)/((-4)/40038). List the prime factors of (-2)/(-25) - b/(-950).
3, 89
Suppose -3*a - 14657 = -4*m, m + 3*a = a + 3667. What are the prime factors of m?
5, 733
Suppose 0 = 12973*a - 12969*a - 27400. List the prime factors of a.
2, 5, 137
Suppose -20*s + 17451 = -58369. List the prime factors of s.
17, 223
Suppose 5*h - 64 = 26. Suppose -32292 = -21*m - h*m. List the prime factors of m.
2, 3, 23
Let m(u) = -10*u**2 - u - 2. Let z(s) = 2*s**2 + s + 1. Let g(o) = m(o) + 7*z(o). Let y(h) = h - 7. Let a be y(4). List the prime factors of g(a).
23
Suppose 249688 = -96*z + 99*z - m, -2*m = -10. What are the prime factors of z?
83231
Let b be 1/(-4) - (-69200)/64. Let z = b - 647. What are the prime factors of z?
2, 7, 31
Suppose 125*k + 14739 + 94491 = 136*k. What are the prime factors of k?
2, 3, 5, 331
Suppose 9*k = 161 - 125. List the prime factors of (-3)/12*k*1*-877.
877
Let g be (-9 + 8)*8 + 22. What are the prime factors of ((-1140)/g)/((-4)/56)?
2, 3, 5, 19
Let v be 6/3 + 0 - 18. Suppose 4*d = 5*o + 16, -5*d - 3*o = -2*o - 20. What are the prime factors of 29 - d*(-4)/v?
2, 7
Suppose -4*p + 0*p = 4*n - 72, 3*p - 98 = -5*n. Let t = n + -138. Let f = t - -191. List the prime factors of f.
3, 5
Suppose -2*a - 5*b + 27 = -2, -13 = -4*a - b. Suppose 3*q - 6976 = i - 1915, -a*q + 4*i = -3374. What are the prime factors of q?
7, 241
Let x(v) = -14*v**2 - 12*v + 23. Let w be x(5). Let g = -160 - w. List the prime factors of g.
227
Suppose r + 3*r = -24. Let y(c) = 15*c**2 + 6*c. Let u be y(r). Suppose 0 = -8*s + 5*s + u. List the prime factors of s.
2, 3, 7
Let s = 19253 + -6476. What are the prime factors of s?
3, 4259
Let g(x) = -36*x**3 + 6*x**2 + 27*x + 40. List the prime factors of g(-4).
2, 11, 53
Suppose 102211*t + 189240 = 102215*t. List the prime factors of t.
2, 3, 5, 19, 83
Let c = 4074 + 295. List the prime factors of c.
17, 257
Let j = 427 - 129. Let x = j - 166. Suppose -2*o - 4*n = -2*n - x, 2*n = 3*o - 198. List the prime factors of o.
2, 3, 11
Suppose 4*c = -2*m + 675 + 419, -4*c + 1119 = -3*m. Suppose 0 = -7*h - c + 1704. Suppose 7*d - 5*d = h. What are the prime factors of d?
2, 3, 17
Let x = 1197 + -1690. Let k = 1088 + x. What are the prime factors of k?
5, 7, 17
Let q(n) be the first derivative of 2*n**3/3 - 3*n**2 - 2*n + 20. Let g be q(3). List the prime factors of (18/4 + g)*18.
3, 5
Let c(v) = -6*v - 51. Let h be c(-9). Suppose -p - 5 - 1 = -j, 2*p - 13 = -h*j. Suppose -j*t + t = -2*f - 290, 3*f + 3 = 0. List the prime factors of t.
2, 3
Let u(w) = 701*w**2. Let d be u(-1). Let f = -251 + d. What are the prime factors of f?
2, 3, 5
Let g(v) = -v**3 + v**2 + 1. Let j be g(2). Let s be j*2*(-15)/30. Suppose 0 = 4*p + 20, -s*p - 28 - 107 = -5*q. List the prime factors of q.
2, 3
Let s(p) be the first derivative of 2/3*p**3 - 6*p**2 + 4*p + 11. What are the prime factors of s(9)?
2, 29
Let i(j) = 126*j**3 - 205*j**2 + 609*j + 14. What are the prime factors of i(3)?
2, 1699
Suppose 5*n - n = -16, a + 3*n = -16. What are the prime factors of 4*a/56 - 5884/(-14)?
2, 3, 5, 7
Suppose x + 4*l - 88460 = 0, -138*l = -140*l + 12. What are the prime factors of x?
2, 22109
Let x = 4263 - -2148. What are the prime factors of x?
3, 2137
Let w = -2611 - -2737. List the prime factors of w.
2, 3, 7
Let y(k) = -3495*k + 1580. List the prime factors of y(-8).
2, 5, 7, 211
Suppose 0 = 3*q + 15, -5*q = 24*i - 19*i - 21870. What are the prime factors of i?
29, 151
Let m(s) = 18*s**2 + 16*s + 19. Let k be m(9). Let i = -971 + k. What are the prime factors of i?
2, 5, 13
List the prime factors of ((-28)/35)/(-2) - 1058315/(-25).
3, 103, 137
Suppose -5*y + 10*y = -20. Let s be ((-22)/y)/((-23)/(-46)). Suppose 333 - 3743 = -s*o. What are the prime factors of o?
2, 5, 31
Let o be (24/(-9))/(1/3*-2). Let d(k) = 4*k - 11. Let r be d(o). Suppose -50 = -4*q - x, -5*q + 0*q - r*x + 70 = 0. What are the prime factors of q?
2, 3
Let m(n) be the second derivative of -35*n**3/6 + 1387*n**2/2 + 42*n - 1. What are the prime factors of m(0)?
19, 73
Let o = 38 - -2035. What are the prime factors of o?
3, 691
Let k = 51445 - 23969. What are the prime factors of k?
2, 6869
Let s(r) = 2*r**2 + 37 - 28 - 10*r - 8*r. What are the prime factors of s(16)?
233
Suppose 10*v - 18 = 2*z + 13*v, -4*v = 2*z + 22. What are the prime factors of (-1)/((-3)/213)*(4 + z)?
71
Let i be ((-30)/(-9))/5*(5 + 1). Suppose 7*b + 63 = 10*b + 4*y, -i*b - y + 84 = 0. Suppose f = 53 + b. What are the prime factors of f?
2, 37
Suppose -5*f = 5*k - 125, 5*k = f - 5*f + 104. Suppose 2*j + f = -0*u + 3*u, u = -3*j + 7. Suppose 0 = 4*i - u*i + 222. List the prime factors of i.
2, 37
Let h = 414 - 412. List the prime factors of (-4 + h)/14 - 21570/(-70).
2, 7, 11
Suppose 23285*l = 23344*l - 592832. List the prime factors of l.
2, 157
Suppose 23*l + 6*l - 17480 = -2052. List the prime factors of l.
2, 7, 19
Suppose -9 + 41 = 2*n. Suppose 231 = -13*t + n*t. List the prime factors of t.
7, 11
Suppose -4873*r = -4869*r - 3*h - 6822, -2*r - 3*h + 3402 = 0. What are the prime factors of r?
2, 3, 71
Let z(g) = -g**3 - g**2 + 4*g - 2. Let i be z(2). Let j be (-7 + 4 - 33/i)*540. Suppose 0 = -0*c + 10*c - j. List the prime factor